{"id":763,"date":"2019-08-27T09:40:29","date_gmt":"2019-08-27T07:40:29","guid":{"rendered":"https:\/\/www.muepaclean.de\/cms\/?page_id=763"},"modified":"2021-03-15T15:10:15","modified_gmt":"2021-03-15T14:10:15","slug":"eigenmarke","status":"publish","type":"page","link":"https:\/\/www.muepaclean.de\/cms\/eigenmarke\/","title":{"rendered":"Eigenmarke"},"content":{"rendered":"<p>[vc_row row_type=&#8220;parallax&#8220; parallax_content_width=&#8220;full_width&#8220; text_align=&#8220;left&#8220; full_screen_section_height=&#8220;yes&#8220; vertically_align_content_in_middle=&#8220;yes&#8220; anchor=&#8220;intro&#8220; background_image=&#8220;980&#8243; parallax_speed=&#8220;2&#8243;][vc_column][qode_elements_holder number_of_columns=&#8220;one_column&#8220;][qode_elements_holder_item vertical_alignment=&#8220;middle&#8220; advanced_animations=&#8220;no&#8220; item_padding=&#8220;15% 47% 15% 8%&#8220; item_padding_1024_1280=&#8220;15% 40% 0% 5%&#8220;][vc_column_text]<\/p>\n<h2>Ihre Eigenmarke<br \/>\n<strong>L\u00f6sungen f\u00fcr Sie<\/strong><\/h2>\n<p>[\/vc_column_text][vc_empty_space height=&#8220;15&#8243;][vc_column_text]<\/p>\n<h4>Gestalten Sie sich ein nachhaltiges Produkt, das Ihr Unternehmen repr\u00e4sentiert und speziell auf Ihre Anspr\u00fcche zugeschnitten ist.<\/h4>\n<p>[\/vc_column_text][vc_empty_space height=&#8220;70&#8243;][\/qode_elements_holder_item][\/qode_elements_holder][\/vc_column][\/vc_row][vc_row css_animation=&#8220;&#8220; row_type=&#8220;row&#8220; use_row_as_full_screen_section=&#8220;no&#8220; type=&#8220;grid&#8220; angled_section=&#8220;no&#8220; text_align=&#8220;center&#8220; background_image_as_pattern=&#8220;without_pattern&#8220; anchor=&#8220;features&#8220; css=&#8220;.vc_custom_1561991231928{padding-top: 100px !important;}&#8220; z_index=&#8220;&#8220;][vc_column][vc_column_text]<\/p>\n<h2 style=\"text-align: center;\">Private Label Produkte<\/h2>\n<p>[\/vc_column_text][vc_empty_space height=&#8220;15&#8243;][vc_column_text]<\/p>\n<h4 style=\"text-align: center;\">Ihre Eigenmarke<\/h4>\n<p>[\/vc_column_text][vc_empty_space height=&#8220;50&#8243;][\/vc_column][\/vc_row][vc_row css_animation=&#8220;&#8220; row_type=&#8220;row&#8220; use_row_as_full_screen_section=&#8220;no&#8220; type=&#8220;grid&#8220; angled_section=&#8220;no&#8220; text_align=&#8220;left&#8220; background_image_as_pattern=&#8220;without_pattern&#8220; css=&#8220;.vc_custom_1561991241962{padding-top: 50px !important;padding-bottom: 50px !important;}&#8220; z_index=&#8220;&#8220;][vc_column width=&#8220;1\/4&#8243; css=&#8220;.vc_custom_1564669176866{padding-right: 65px !important;}&#8220;][vc_column_text]<\/p>\n<h4>Entwicklung<\/h4>\n<p>[\/vc_column_text][vc_empty_space height=&#8220;25&#8243;][vc_column_text]Erfahrung in vielen Spezialbereichen macht es uns m\u00f6glich, dass wir Ihnen nicht nur Produkte anbieten, sondern diese jeweils den Bed\u00fcrfnissen und speziellen Anforderungen Ihres Unternehmens oder Ihnen als Anwender anpassen k\u00f6nnen.[\/vc_column_text][vc_empty_space height=&#8220;25&#8243;][vc_column_text]In unserer Produktionsst\u00e4tte entwickeln und produzieren wir individuell, denn die spezifischen Anforderungen unserer Kunden sind uns wichtig.[\/vc_column_text][vc_empty_space height=&#8220;25&#8243;][vc_column_text]Unser Ziel ist, ma\u00dfgeschneiderte Probleml\u00f6sungen zu konzipieren, die die Wettbewerbsf\u00e4higkeit in Qualit\u00e4t und Preis nachhaltig steigern.[\/vc_column_text][vc_empty_space height=&#8220;50&#8243;][\/vc_column][vc_column width=&#8220;2\/4&#8243; css=&#8220;.vc_custom_1561979737208{padding-right: 25px !important;}&#8220;][vc_column_text]<\/p>\n<h4>Unsere\u201eL\u00f6sung\u201c kann schon bald Ihre \u201eL\u00f6sung\u201c werden!<\/h4>\n<p>[\/vc_column_text][vc_empty_space height=&#8220;25&#8243;][vc_column_text]Gestalten Sie sich gemeinsam mit uns \u2013 auf Basis unserer Erfahrung und Ihren Anforderungen \u2013 ein nachhaltiges Produkt, das Ihr Unternehmen repr\u00e4sentiert und speziell auf Ihre wirtschaftlichen, leistungsbezogenen und \u00f6kologischen Anspr\u00fcche zugeschnitten ist.[\/vc_column_text][vc_empty_space height=&#8220;50&#8243;][vc_column_text]<\/p>\n<h4>Ihr Vorteil!<\/h4>\n<p>[\/vc_column_text][vc_empty_space height=&#8220;25&#8243;][vc_column_text]Eine hohe Identifizierung mit den Reinigungs- und Pflegemitteln. Ihre Mitarbeiter identifizieren sich mit Ihren\u00a0\u00a0\u00a0eigenen Firmen-Reinigungs- und Pflegemittel &#8211; somit entsteht eine h\u00f6here Akzeptanz. Schon ab geringen Gesamtbestellmengen eines Produktes bieten wir Ihnen die M\u00f6glichkeit, die Entwicklung Ihres individuellen Reinigungs- und Pflegemittels aktiv mitzugestalten.[\/vc_column_text][vc_empty_space height=&#8220;50&#8243;][vc_column_text]<\/p>\n<h4>Sie k\u00f6nnen aus den folgenden verschiedenen Optionen Ihr eigenes Produkt konzipieren:<\/h4>\n<p>[\/vc_column_text][vc_empty_space height=&#8220;25&#8243;][vc_column_text]<strong>Produktart<\/strong><br \/>\nWelches Produkt w\u00fcrden Sie gern in Ihr Sortiment aufnehmen. Entscheiden Sie.[\/vc_column_text][vc_empty_space height=&#8220;25&#8243;][vc_column_text]<strong>Produktqualit\u00e4t<\/strong><br \/>\nSie bestimmen, wie leistungsf\u00e4hig Ihr neues Produkt sein soll. Nennen Sie uns Ihre Anforderungen.[\/vc_column_text][vc_empty_space height=&#8220;25&#8243;][vc_column_text]<strong>Produkteigenschaften<\/strong><br \/>\nSie k\u00f6nnen die Farbe und den Geruch Ihres Reinigungs- und Pflegemittels individuell gestalten, denn je nach Einsatzbereich wird ein farbiges oder transparentes Reiniger- und Pflegemittel oder ein bestimmter Geruch ben\u00f6tigt.[\/vc_column_text][vc_empty_space height=&#8220;25&#8243;][vc_column_text]<strong>Etikett<\/strong><br \/>\nEntscheiden Sie sich zwischen dem \u201am\u00fcpaclean\u2018 -Standard-Etikett und einem individuellen Etikett mit Ihren eigenen Daten, Logos und selbst gew\u00e4hlten Produktnahmen.[\/vc_column_text][vc_empty_space height=&#8220;25&#8243;][vc_column_text]<strong>Verpackung<\/strong><br \/>\nSie w\u00e4hlen die Verpackung selbst. Wir bieten Ihnen Flaschen und Kanister in verschiedenen Materialien, Formen, Farben und Verpackungseinheiten.[\/vc_column_text][vc_empty_space height=&#8220;25&#8243;][vc_column_text]<strong>Technische Betreuung<\/strong><br \/>\nWir unterst\u00fctzen Sie bei der Formulierung der Produkttexte, bei den Etiketten oder Bedruckungen, bei Technischen Merkbl\u00e4tter sowie Sicherheitsdatenbl\u00e4tter.[\/vc_column_text][vc_empty_space height=&#8220;50&#8243;][\/vc_column][vc_column width=&#8220;1\/4&#8243;][vc_column_text]<\/p>\n<h4>Produktbereiche<\/h4>\n<p>[\/vc_column_text][vc_empty_space height=&#8220;25&#8243;][vc_column_text]<\/p>\n<ul class=\"muepacleanListblue\">\n<li><strong>Produkte rund ums Haus<\/strong><\/li>\n<li><strong>Reinigungs-, Impr\u00e4gnier- und Pflegeprodukte f\u00fcr Wand- und Bodenbel\u00e4ge<\/strong><\/li>\n<li><strong>Produkte f\u00fcr den Kfz-Bereich<\/strong><\/li>\n<li><strong>Bautenschutzmittel f\u00fcr die Bauindustrie<\/strong><\/li>\n<li><strong>Oberfl\u00e4chenbehandlungsmittel f\u00fcr die metallverarbeitende Industrie<\/strong><\/li>\n<li><strong>Reinigungsprodukte f\u00fcr die Lack- und Farbenindustrie<\/strong><\/li>\n<li><strong>Reinigungsprodukte f\u00fcr die Druckindustrie<\/strong><\/li>\n<\/ul>\n<p>[\/vc_column_text][vc_empty_space height=&#8220;50&#8243;][\/vc_column][\/vc_row][vc_row css_animation=&#8220;&#8220; row_type=&#8220;row&#8220; use_row_as_full_screen_section=&#8220;no&#8220; type=&#8220;grid&#8220; angled_section=&#8220;no&#8220; text_align=&#8220;left&#8220; background_image_as_pattern=&#8220;without_pattern&#8220; css=&#8220;.vc_custom_1566893340036{padding-top: 50px !important;padding-bottom: 50px !important;}&#8220; z_index=&#8220;&#8220;][vc_column width=&#8220;1\/5&#8243;][vc_empty_space height=&#8220;10&#8243;]<span data-type=\"normal\" data-hover-icon-color=\"#0099cc\" class=\"qode_icon_shortcode  q_font_awsome_icon fa-5x pull-center \" style=\" \"><span aria-hidden=\"true\" class=\"qode_icon_font_elegant icon_phone qode_icon_element\" style=\"color: #000099;\" ><\/span><\/span>[vc_empty_space height=&#8220;25&#8243;][\/vc_column][vc_column width=&#8220;3\/5&#8243;][vc_column_text]<\/p>\n<h2 style=\"text-align: center;\">Unser Servicetelefon<\/h2>\n<p>[\/vc_column_text][vc_empty_space height=&#8220;25&#8243;][vc_column_text]<\/p>\n<h4 style=\"text-align: center;\">Bitte fragen Sie unverbindlich an.<br \/>\nGern beraten wir Sie bei Ihrem neuen Produkt!<\/h4>\n<p>[\/vc_column_text][vc_empty_space height=&#8220;25&#8243;][vc_column_text]<\/p>\n<h4 style=\"text-align: center;\"><strong>+49 (0) 5251-1809393<\/strong><\/h4>\n<p>[\/vc_column_text][\/vc_column][vc_column width=&#8220;1\/5&#8243;][vc_empty_space height=&#8220;10&#8243;][\/vc_column][\/vc_row][vc_row css_animation=&#8220;&#8220; row_type=&#8220;row&#8220; use_row_as_full_screen_section=&#8220;no&#8220; type=&#8220;full_width&#8220; angled_section=&#8220;no&#8220; text_align=&#8220;left&#8220; background_image_as_pattern=&#8220;without_pattern&#8220;][vc_column][\/vc_column][\/vc_row]<\/p>\n","protected":false},"excerpt":{"rendered":"<p>[vc_row row_type=&#8220;parallax&#8220; parallax_content_width=&#8220;full_width&#8220; text_align=&#8220;left&#8220; full_screen_section_height=&#8220;yes&#8220; vertically_align_content_in_middle=&#8220;yes&#8220; anchor=&#8220;intro&#8220; background_image=&#8220;980&#8243; parallax_speed=&#8220;2&#8243;][vc_column][qode_elements_holder number_of_columns=&#8220;one_column&#8220;][qode_elements_holder_item vertical_alignment=&#8220;middle&#8220; advanced_animations=&#8220;no&#8220; item_padding=&#8220;15% 47% 15% 8%&#8220; item_padding_1024_1280=&#8220;15% 40% 0% 5%&#8220;][vc_column_text] Ihre Eigenmarke L\u00f6sungen f\u00fcr Sie [\/vc_column_text][vc_empty_space height=&#8220;15&#8243;][vc_column_text] Gestalten Sie sich ein nachhaltiges Produkt, das Ihr Unternehmen repr\u00e4sentiert und speziell auf Ihre Anspr\u00fcche zugeschnitten ist. [\/vc_column_text][vc_empty_space&#8230;<\/p>\n","protected":false},"author":1,"featured_media":0,"parent":0,"menu_order":0,"comment_status":"closed","ping_status":"closed","template":"full_width.php","meta":[],"_links":{"self":[{"href":"https:\/\/www.muepaclean.de\/cms\/wp-json\/wp\/v2\/pages\/763"}],"collection":[{"href":"https:\/\/www.muepaclean.de\/cms\/wp-json\/wp\/v2\/pages"}],"about":[{"href":"https:\/\/www.muepaclean.de\/cms\/wp-json\/wp\/v2\/types\/page"}],"author":[{"embeddable":true,"href":"https:\/\/www.muepaclean.de\/cms\/wp-json\/wp\/v2\/users\/1"}],"replies":[{"embeddable":true,"href":"https:\/\/www.muepaclean.de\/cms\/wp-json\/wp\/v2\/comments?post=763"}],"version-history":[{"count":48,"href":"https:\/\/www.muepaclean.de\/cms\/wp-json\/wp\/v2\/pages\/763\/revisions"}],"predecessor-version":[{"id":1351,"href":"https:\/\/www.muepaclean.de\/cms\/wp-json\/wp\/v2\/pages\/763\/revisions\/1351"}],"wp:attachment":[{"href":"https:\/\/www.muepaclean.de\/cms\/wp-json\/wp\/v2\/media?parent=763"}],"curies":[{"name":"wp","href":"https:\/\/api.w.org\/{rel}","templated":true}]}}